 6?
-111
What is -11 (base 13) in base 16?
-e
What is 1d (base 15) in base 7?
40
What is 7 (base 8) in base 11?
7
What is -31 (base 10) in base 6?
-51
Convert -1 (base 3) to base 4.
-1
What is -10 (base 5) in base 12?
-5
What is 525 (base 7) in base 3?
100210
Convert -141 (base 8) to base 3.
-10121
Convert 11111 (base 2) to base 15.
21
-11 (base 5) to base 7
-6
Convert -201 (base 4) to base 5.
-113
Convert -20 (base 3) to base 10.
-6
Convert 1 (base 6) to base 4.
1
-a (base 15) to base 3
-101
Convert 7 (base 12) to base 15.
7
-6 (base 13) to base 14
-6
What is -11 (base 6) in base 2?
-111
-101 (base 2) to base 12
-5
Convert 39 (base 16) to base 14.
41
What is 30 (base 4) in base 16?
c
What is -4 (base 9) in base 6?
-4
What is -2 (base 6) in base 7?
-2
Convert 16 (base 8) to base 14.
10
21 (base 4) to base 2
1001
Convert -c (base 16) to base 7.
-15
Convert 25 (base 15) to base 3.
1022
What is -25 (base 16) in base 14?
-29
11 (base 3) to base 16
4
What is -10 (base 4) in base 13?
-4
Convert 19 (base 15) to base 4.
120
What is -2332 (base 5) in base 6?
-1330
-1 (base 13) to base 12
-1
63 (base 8) to base 2
110011
Convert 3 (base 15) to base 14.
3
Convert 8 (base 12) to base 3.
22
Convert 3 (base 12) to base 5.
3
-34 (base 16) to base 7
-103
Convert -210 (base 3) to base 12.
-19
-2 (base 10) to base 3
-2
Convert 3 (base 13) to base 12.
3
Convert 1120 (base 3) to base 4.
222
What is -4 (base 14) in base 3?
-11
Convert 1 (base 10) to base 14.
1
-1100000 (base 2) to base 4
-1200
Convert -244 (base 9) to base 5.
-1302
5 (base 16) to base 11
5
152 (base 6) to base 9
75
63 (base 10) to base 15
43
Convert -139 (base 12) to base 2.
-10111101
What is 100100 (base 2) in base 6?
100
Convert 30 (base 6) to base 2.
10010
Convert 3a (base 11) to base 16.
2b
-55 (base 13) to base 3
-2121
Convert -1b6 (base 12) to base 4.
-10122
12 (base 3) to base 7
5
Convert -145 (base 7) to base 2.
-1010010
Convert -20 (base 4) to base 16.
-8
Convert 103 (base 6) to base 16.
27
413 (base 5) to base 7
213
Convert 7 (base 16) to base 5.
12
-20010 (base 3) to base 9
-203
What is 1012 (base 4) in base 2?
1000110
22 (base 6) to base 7
20
What is 0 (base 15) in base 4?
0
What is 2 (base 14) in base 7?
2
What is -354 (base 7) in base 11?
-15a
What is -2 (base 9) in base 14?
-2
Convert 30 (base 11) to base 9.
36
Convert 12 (base 4) to base 2.
110
-100 (base 2) to base 5
-4
95 (base 10) to base 3
10112
Convert -100 (base 8) to base 15.
-44
Convert 102 (base 12) to base 7.
266
What is 5 (base 13) in base 10?
5
Convert -13 (base 7) to base 16.
-a
What is -27 (base 12) in base 9?
-34
What is 6 (base 11) in base 16?
6
Convert -5 (base 11) to base 16.
-5
Convert 5 (base 15) to base 7.
5
12212 (base 3) to base 12
112
Convert -5a (base 12) to base 10.
-70
What is 2 (base 15) in base 16?
2
What is -6 (base 7) in base 5?
-11
-1121 (base 3) to base 5
-133
-1 (base 7) to base 4
-1
What is -3 (base 12) in base 3?
-10
Convert 1 (base 11) to base 6.
1
What is -1a (base 14) in base 3?
-220
10 (base 9) to base 10
9
What is -11 (base 3) in base 11?
-4
What is 4a (base 12) in base 10?
58
120 (base 3) to base 5
30
Convert 8 (base 14) to base 5.
13
What is -13 (base 7) in base 10?
-10
Convert 30 (base 7) to base 8.
25
Convert 61 (base 8) to base 7.
100
4 (base 16) to base 12
4
Convert 10 (base 2) to base 3.
2
Convert 0 (base 15) to base 10.
0
What is -1 (base 12) in base 5?
-1
What is -1 (base 4) in base 7?
-1
-10100100 (base 2) to base 8
-244
-55 (base 8) to base 3
-1200
Convert 16 (base 10) to base 8.
20
What is 121 (base 8) in base 11?
74
-10 (base 2) to base 13
-2
What is -91 (base 10) in base 13?
-70
Convert -1 (base 16) to base 10.
-1
Convert -40 (base 7) to base 10.
-28
Convert -15 (base 10) to base 9.
-16
What is -1100 (base 2) in base 15?
-c
What is -5 (base 6) in base 11?
-5
-43 (base 8) to base 5
-120
0 (base 13) to base 2
0
10 (base 4) to base 6
4
What is 7a (base 12) in base 16?
5e
Convert -35 (base 13) to base 5.
-134
What is 6 (base 9) in base 14?
6
-87 (base 15) to base 7
-241
Convert 63 (base 8) to base 11.
47
What is -2 (base 8) in base 13?
-2
Convert 222 (base 3) to base 15.
1b
What is 6a (base 11) in base 10?
76
Convert -1 (base 9) to base 10.
-1
What is 0 (base 3) in base 6?
0
Convert 12 (base 8) to base 16.
a
35 (base 8) to base 4
131
What is 21 (base 5) in base 13?
b
-1 (base 6) to base 11
-1
What is 100200 (base 3) in base 2?
100000101
Convert -210 (base 3) to base 4.
-111
What is -14 (base 12) in base 6?
-24
What is 4 (base 7) in base 9?
4
Convert 45 (base 13) to base 11.
52
-3 (base 4) to base 6
-3
What is 11 (base 11) in base 14?
c
Convert -1 (base 12) to base 9.
-1
-240 (base 7) to base 4
-1332
Convert 0 (base 6) to base 5.
0
-51 (base 13) to base 6
-150
-1 (base 4) to base 15
-1
-120 (base 11) to base 7
-263
What is 113 (base 5) in base 10?
33
What is 101001 (base 2) in base 9?
45
0 (base 12) to base 10
0
What is 227 (base 10) in base 11?
197
Convert 425 (base 6) to base 2.
10100001
What is 5 (base 12) in base 6?
5
What is 0 (base 16) in base 12?
0
What is -120 (base 3) in base 12?
-13
-10 (base 10) to base 9
-11
Convert -3 (base 10) to base 13.
-3
-2 (base 10) to base 14
-2
-3 (base 8) to base 5
-3
b (base 15) to base 16
b
Convert -145 (base 7) to base 10.
-82
What is 2 (base 16) in base 15?
2
Convert -121 (base 4) to base 15.
-1a
What is -3 (base 13) in base 9?
-3
What is -10 (base 2) in base 13?
-2
Convert -5 (base 12) to base 13.
-5
Convert -1000111 (base 2) to base 6.
-155
-2d (base 14) to base 8
-51
What is -a (base 14) in base 3?
-101
176 (base 8) to base 13
99
Convert 3 (base 16) to base 8.
3
What is -51 (base 6) in base 3?
-1011
What is -20 (base 8) in base 6?
-24
4 (base 14) to base 4
10
-111 (base 2) to base 9
-7
-b (base 15) to base 7
-14
Convert 32 (base 4) to base 10.
14
Convert 26 (base 15) to base 3.
1100
-64 (base 9) to base 8
-72
What is 147 (base 9) in base 13?
97
What is 21 (base 4) in base 5?
14
Convert -143 (base 9) to base 14.
-88
-112 (base 9) to base 7
-161
What is -32 (base 6) in base 11?
-19
Convert 7a (base 12) to base 3.
10111
Convert -3 (base 8) to base 14.
-3
What is 81 (base 10) in base 14?
5b
Convert -101 (base 3) to base 11.
-a
What is -413 (base 6) in base 4?
-2121
-2300 (base 4) to base 7
-341
What is -11 (base 5) in base 14?
-6
11 (base 3) to base 5
4
What is 20 (base 3) in base 14?
6
-1 (base 5) to base 7
-1
2 (base 3) to base 6
2
Convert 1 (base 14) to base 16.
1
What is -2 (base 8) in base 14?
-2
What is 42 (base 5) in base 15?
17
What is 30 (base 4) in base 6?
20
Convert -133 (base 5) to base 3.
-1121
Convert 10 (base 3) to base 6.
3
What is 37 (base 10) in base 4?
211
Convert 11 (base 2) to base 4.
3
Convert -11 (base 7) to base 2.
-1000
Convert 4 (base 5) to base 14.
4
3 (base 12) to base 4
3
2 (base 3) to base 9
2
4 (base 5) to base 16
4
What is 32 (base 4) in base 14?
10
Convert -12222 (base 3) to base 15.
-ab
Convert 2 (base 15) to base 16.
2
What is -34 (base 13) in base 2?
-101011
What is -18 (base 12) in base 16?
-14
-1020 (base 3) to base 2
-100001
-1 (base 16) to base 15
-1
What is -1112 (base 4) in base 10?
-86
2b (base 15) to base 4
221
Convert 282 (base 9) to base 10.
236
What is -21 (base 13) in base 9?
-30
Convert 13 (base 7) to base 10.
10
-100 (base 6) to base 11
-33
What is 160 (base 10) in base 14?
b6
Convert 4 (base 10) to base 5.
4
-44 (base 8) to base 5
-121
Convert -3 (base 8) to base 11.
-3
What is 10 (base 16) in base 10?
16
-13 (base 8) to base 16
-b
What is a (base 15) in base 9?
11
What is -110010 (base 2) in base 6?
-122
What is 22 (base 4) in base 11?
a
Convert -1121 (base 3) to base 13.
-34
What is 11 (base 16) in base 11?
16
-48 (base 14) to base 2
-1000000
7 (base 12) to base 3
21
What is -1100 (base 5) in base 10?
-150
Convert 13 (base 9) to base 15.
c
What is 1 (base 14) in base 6?
1
2 (base 10) to base 3
2
Convert 13 (base 14) to base 3.
122
What is 23 (base 8) in base 15?
14
Convert -e (base 15) to base 3.
-112
Convert -52 (base 9) to base 12.
-3b
What is -12222 (base 3) in base 9?
-188
Convert 3001 (base 4) to base 2.
11000001
Convert 2404 (base 5) to base 11.
2a2
a0 (base 11) to base 2
1101110
-16 (base 9) to base 8
-17
0 (base 7) to base 4
0
Convert -5d (base 16) to base 7.
-162
Convert 62 (b